t and 220?
20
Let c be (2 + 2 + 0)/2. Suppose 4*p - 42 = c*p + 5*u, -105 = -5*p + u. Calculate the greatest common factor of p and 7.
7
Let z = -11 - -18. Suppose -2*b + 2*w + 0*w - 4 = 0, w = 4*b - z. Suppose 0 = -b*l - 9 + 42. What is the highest common factor of l and 1?
1
Let g(v) = -5*v**2 - 1. Let k be g(-2). Let o = k - -15. Let n be ((-21)/o)/((-2)/(-4)). Calculate the greatest common divisor of n and 70.
7
Suppose -2 = -3*z - z + 3*u, -8 = -2*z - 2*u. What is the highest common factor of 5 and z?
1
Suppose -3*a + 2*a - 5*v = -135, -234 = -2*a + 2*v. What is the highest common divisor of 48 and a?
24
Suppose 2*v = -2*v + 40. What is the highest common factor of 110 and v?
10
Let q = 23 - 45. Let b be (0 - 6)*33/q. Calculate the greatest common divisor of b and 1.
1
Let o(p) = -p**2 + 5*p + 3. Let u = -13 + 17. Let m be o(u). What is the greatest common factor of 7 and m?
7
Let o be (-4)/2 - (-6 - -2). Suppose 3*n - o*n - 120 = 0. Calculate the highest common factor of n and 48.
24
Let o = 8 - 3. Let x be 453/12 - 3/4. Suppose -x = -o*z + 98. What is the highest common factor of 9 and z?
9
Let f(w) = -w + 8. Let x be f(9). Let q(u) = u + 2. Let l be q(x). Calculate the greatest common divisor of l and 1.
1
Let f(y) = y**3 + 16*y**2 + 8. Let q be f(-16). Suppose -r + 5*r = q. Calculate the highest common factor of r and 18.
2
Let g = 57 + -51. Let l = -4 - -6. Suppose 3*q + 33 = 2*a, l*a + 2*q - 3 = 5. What is the highest common divisor of g and a?
3
Let c(d) be the third derivative of d**5/60 - d**4/3 + 3*d**3/2 - 6*d**2. Let r be c(7). Calculate the highest common divisor of 22 and r.
2
Let v be (-2)/3 - (-1162)/42. Calculate the highest common factor of 243 and v.
27
Let s = -15 - -15. Suppose -6*m + 50 + 58 = s. Suppose -38 = -3*h - 4*r, 2*h - 32 = 3*r - 7*r. Calculate the greatest common divisor of h and m.
6
Let p(t) = -t**3 + 8*t**2 + 8*t + 13. Let g be p(9). Let m = g + 1. Calculate the greatest common factor of m and 2.
1
Let b be -2 - (1*-5 - 0). Let h(o) = 4*o - 4. Let w be h(b). What is the highest common factor of w and 64?
8
Suppose 3*g - 9 = -d, 2*d + 4 = 5*g - 22. Suppose -34 = -g*y + 3*y. Let f = y - 21. What is the highest common factor of f and 13?
13
Let v be ((-150)/24)/(2/(-48)). Suppose -5*n + 10*n = v. Suppose 3*q - 45 = 90. Calculate the highest common divisor of q and n.
15
Suppose 3*g + g - 16 = 0. Let k(p) = p**3 - 11*p**2 + 10*p + 2. Let c = 5 + 5. Let w be k(c). What is the highest common factor of w and g?
2
Let v = 6 + -2. What is the greatest common factor of 2 and v?
2
Let z be (3/(-2))/((-2)/12). Let p be (z/(-12))/(2/48). Let c be 4/(p/(-14) + -1). Calculate the greatest common divisor of c and 112.
14
Suppose 2*x - 33 = -5*p, 0 = 5*x + 3*p - p - 72. Calculate the highest common factor of 2 and x.
2
Let u(s) = 12*s**2 + 12*s - 1. Let h be u(-8). What is the highest common divisor of 61 and h?
61
Let z(h) = -h**3 - 9*h**2 + 9*h - 6. Let f be z(-10). Let m = 5 - f. Let b(c) = 11*c**2. Let l be b(m). What is the highest common factor of 88 and l?
11
Let p(y) = y**2 - y + 2. Let c be p(0). Let x(a) = 4*a + 212. Let u be x(-51). Calculate the greatest common divisor of u and c.
2
Suppose -3*r - 132 + 0 = -4*b, 4*b - 152 = -2*r. Let d = b + -26. Let f be 144/14 - (-6)/(-21). What is the greatest common divisor of f and d?
10
Suppose -2*z + 10 = -18. Suppose n - 3*r + 0 = 7, -2*n = 3*r - 5. Suppose -2*u - 93 = -4*u + 3*b, n*b - 30 = -u. What is the greatest common divisor of u and z?
14
Let m be 3*((-102)/(-9) + 2). Let w be -5*(2 - (-18)/(-5)). Calculate the greatest common divisor of m and w.
8
Let g(p) = p**3 + 6*p**2 - 2*p - 5. Let q be g(-4). Let w = q - 24. What is the highest common factor of 88 and w?
11
Let q be (-598)/(-8) - 2/(-8). Suppose -6*a + 135 = -45. What is the greatest common factor of a and q?
15
Suppose 5*g = -1 + 11. Suppose 5*i + 11 = 3*i - 5*k, i + k + 1 = 0. Calculate the highest common factor of g and i.
2
Let o be 54/5 + 5/25. Calculate the highest common divisor of 44 and o.
11
Let f = -4 - -2. Let d = f + 11. What is the highest common divisor of 27 and d?
9
Suppose 2*a - 3*a + 3 = 0. Let q(u) = u**3 - u**2 + 3*u - 3. Let g be q(a). Calculate the highest common divisor of g and 60.
12
Suppose -11*l + 4*l = -77. Calculate the greatest common divisor of 66 and l.
11
Let k = -4 + -5. Let t = 7 + -13. Let f be 6/k*t + 2. Calculate the greatest common divisor of f and 12.
6
Let j(c) = c**3 - 3*c**2 + 3*c + 4. Let l be j(3). Suppose -3*h + 380 = 47. Let v = h - 59. What is the greatest common divisor of l and v?
13
Let g be (-2 + 3 + -2)/(-1). Suppose 0*p + 2*p - d + 1 = 0, p - 4*d + 11 = 0. What is the greatest common factor of g and p?
1
Suppose 40 + 23 = 3*m + 3*a, a = 5*m - 75. What is the highest common factor of 40 and m?
8
Suppose 14 = o - 4*l, l - 2*l = -2*o. Let g be 2 + -1 - o - 9. Let a be 16/(0 + (-3)/g). Calculate the highest common divisor of 48 and a.
16
Suppose 79 = x - 31. Calculate the highest common divisor of 22 and x.
22
Let z be 13/65 - (39/(-5) + -1). Let k(d) = -54*d**2 - 2*d + 1. Let l be k(1). Let b be (-4)/(-22) + (-485)/l. What is the greatest common divisor of z and b?
9
Suppose -5*a + 40 + 135 = 0. Suppose 5*c - 2 = 3. Let u be c*((-3)/(-3) - -4). Calculate the greatest common factor of u and a.
5
Suppose -t - 66 = 2*x + 103, -x - 86 = 2*t. Let j = -60 - x. What is the highest common divisor of 60 and j?
12
Let t = -113 - -183. Let g(q) = q**2 + q - 2. Let x(i) = i**2 - 4*i - 1. Let w be x(3). Let b be g(w). Calculate the highest common factor of b and t.
10
Suppose 4*b - 63 = -5*j - 0*j, b - 18 = -2*j. Let k = 24 + 8. Suppose -q + 2*q = 2*l + k, 0 = 4*l + 16. Calculate the greatest common divisor of q and b.
12
Suppose 3*x - 85 = -0*x + m, -x + 27 = -m. Suppose 7*h + 255 = -8*h. Let s = x + h. What is the greatest common divisor of s and 12?
12
Let s be (1 + 9)*(-25)/(-10). What is the greatest common factor of 25 and s?
25
Let i = 18 - -66. Calculate the highest common divisor of i and 63.
21
Let r(l) = -5*l**2 - 6*l - 1. Let n(o) = 2*o**2 + 3*o + 1. Let a(z) = -7*n(z) - 3*r(z). Let w be a(8). Calculate the highest common factor of w and 9.
9
Suppose -3*q + 63 - 3 = 0. Let p = -14 + q. Suppose 4*a - 38 = p. What is the greatest common factor of a and 55?
11
Suppose -3*z + 16 = z, -4*z = 5*w - 146. Calculate the greatest common factor of w and 130.
26
Suppose 0 = -4*h + 6*h - 406. What is the greatest common factor of 29 and h?
29
Let y = 63 - -123. Let m(z) = -131*z**3 + z**2 + z - 1. Let a be m(1). Let n = y + a. Calculate the greatest common factor of 8 and n.
8
Suppose 0 = -4*t - t. Suppose 4*s + 0*s - 80 = t. Calculate the greatest common factor of 220 and s.
20
Let b(i) = 7*i**2 + 9. Let u be b(-5). What is the greatest common factor of u and 23?
23
Let u(d) be the third derivative of -d**4/24 + 10*d**2. Let y be u(-8). What is the highest common factor of y and 8?
8
Suppose -1 = -b, -2*n + 1 = b - 2. Let l(z) be the second derivative of 17*z**3/6 + 4*z. Let k be l(n). What is the greatest common factor of 51 and k?
17
Let k be 1 + 1 + 6 + -6. What is the greatest common divisor of 2 and k?
2
Let k(p) = -28*p - 3. Let d be k(-3). Suppose 2*y + 4*t = -34 - 10, -4*y - 52 = -4*t. Let z be 2/4 - 136/y. What is the greatest common divisor of z and d?
9
Let d(b) = b - 10. Let y be d(16). What is the greatest common factor of y and 15?
3
Suppose -3*w = -4*w + 11. Let s = -18 + 62. Calculate the highest common factor of s and w.
11
Let t = -8 - -14. Suppose 3*n - t = -0*n. Suppose -n*o = 4*j - 70, -4*o = -3*o - 3. What is the greatest common divisor of j and 32?
16
Suppose 16 = p - 3*p. Let j be (-2 - p)*66/4. Suppose -2*h + 12 = 3*s - 25, -5*h - s + j = 0. What is the highest common factor of h and 8?
4
Suppose -2*w + 26 = 5*u + 3, 0 = 4*w - 2*u - 10. Suppose d = -w*i - 3*d + 24, 15 = 3*d. Let g = 9 - 1. Calculate the highest common divisor of i and g.
1
Let o be ((-1)/(3/68))/(8/(-12)). What is the highest common factor of 17 and o?
17
Suppose -5 = 4*d + 7. Let r be (13 - 6/d) + -1. What is the greatest common factor of 70 and r?
14
Let v(u) = u**3 - 6*u**2 + 6*u - 1. Let x be v(5). Suppose -3*q - q + 176 = 0. Calculate the greatest common divisor of